 55433*d + 1483. What is h(298)?
-7
Let v(h) = 1444*h + 23253. Determine v(-16).
149
Let u(j) = 2*j**3 - 27*j**2 + 245*j + 23. Determine u(13).
3039
Let g(f) = 29481*f - 383771. Calculate g(13).
-518
Let v(a) = -5*a**2 - 1071*a - 10597. Calculate v(-10).
-387
Let f(c) = c**3 + 9*c**2 - 795*c - 7915. Calculate f(-10).
-65
Let b(p) = -16805*p + 100716. Determine b(6).
-114
Let n(q) = -q**3 + 13*q**2 - 23*q - 111. Determine n(8).
25
Let z(r) = 375*r**3 - 3*r**2 - 4*r - 1. Determine z(-1).
-375
Let r(p) = -17*p**2 + 901*p + 15938. What is r(-14)?
-8
Let a(g) = 7*g**3 + 36*g**2 + 110*g + 1. Calculate a(-3).
-194
Let s(g) = -113*g**3 - 6*g**2 + 12*g + 14. Calculate s(-1).
109
Let t(d) = -459*d - 29299. Calculate t(-66).
995
Let j(r) = r**3 - 215*r**2 + 6730*r - 684. What is j(177)?
24
Let x(y) = -y**3 + 223*y**2 - 577*y + 29846. What is x(221)?
11
Let f(x) = -x**3 - 55*x**2 - 670*x + 76. Calculate f(-37).
224
Let n(g) = -5*g**3 - 37*g**2 - 63*g + 10. Give n(-5).
25
Let v(g) = 3672*g - 21855. Give v(6).
177
Let l(k) = -21*k**2 + 4851*k + 166. Give l(231).
166
Let s(w) = -56*w**3 + 24*w**2 - 114*w + 296. Give s(3).
-1342
Let h(i) = -i**3 - 27*i**2 + 201*i + 4198. Calculate h(-29).
51
Let h(y) = y**3 + 11*y**2 + 125*y + 750. What is h(-7)?
71
Let l(w) = 88*w**3 - 8*w**2 - 7*w - 39. Determine l(-3).
-2466
Let m(r) = -37846*r - 88. What is m(0)?
-88
Let r(q) = 1091*q**3 + 16*q**2 + 42*q - 61. What is r(1)?
1088
Let k(i) = 21717*i - 586364. Calculate k(27).
-5
Let f(c) = 30*c + 2302. Determine f(-4).
2182
Let p(r) = -4123*r - 41239. Calculate p(-10).
-9
Let h(x) = 22443*x - 157088. Calculate h(7).
13
Let y(x) = x**3 + 12*x**2 + 121*x + 2022. Calculate y(-13).
280
Let u(z) = z**2 + 272*z + 788. Calculate u(-3).
-19
Let g(q) = 19*q**2 - q - 12. Determine g(-6).
678
Let l(y) = -2*y**3 + 7*y**2 - 912*y + 2730. Calculate l(3).
3
Let h(r) = -2250*r + 42491. Give h(19).
-259
Let s(t) = t**3 + 35*t**2 + 997*t + 17583. Calculate s(-24).
-9
Let d(z) = -6*z**2 - 328*z - 5746. Give d(-19).
-1680
Let t(b) = -b**3 + 131*b**2 - 2850*b + 109. What is t(27)?
-1025
Let x(w) = w**3 + 280*w**2 + 848*w + 3669. What is x(-277)?
-1040
Let v(m) = -1423*m + 270382. What is v(190)?
12
Let r(z) = 391*z + 58291. Determine r(-149).
32
Let p(u) = -2*u**3 - 433*u**2 - 22052*u + 499. Determine p(-82).
7
Let t(l) = -9*l**3 + 295*l**2 - 220*l - 111. Determine t(32).
17
Let x(n) = -9*n**2 - 7372*n - 14710. Calculate x(-2).
-2
Let j(n) = -435*n + 46612. What is j(107)?
67
Let z(y) = -10795*y + 140239. Calculate z(13).
-96
Let z(m) = -3706*m - 52043. What is z(-14)?
-159
Let c(w) = 417*w**2 + 1106*w + 5. Calculate c(-4).
2253
Let j(g) = -g**2 - 472*g - 27908. Determine j(-68).
-436
Let l(o) = -273*o - 17176. Calculate l(-55).
-2161
Let w(i) = -i**3 - 52*i**2 - 377*i + 690. Determine w(-43).
260
Let k(o) = -50422*o - 151271. Calculate k(-3).
-5
Let l(m) = -m**3 + 31*m**2 - 20*m + 1648. What is l(32)?
-16
Let j(b) = -b**3 + 28*b**2 - 2280*b + 57689. Give j(25).
2564
Let q(d) = -d**3 - 62*d**2 - 126*d - 178. Calculate q(-60).
182
Let u(r) = 1070*r - 2129. What is u(2)?
11
Let v(m) = 8355*m - 375995. Determine v(45).
-20
Let d(x) = -41*x**3 - 68*x**2 + 37*x + 13. What is d(-4)?
1401
Let g(a) = -10592*a - 42682. Give g(-4).
-314
Let o(x) = -186296*x - 186293. Give o(-1).
3
Let y(p) = -p**2 + 523206*p + 4185711. What is y(-8)?
-1
Let g(y) = -429*y - 881. Calculate g(-2).
-23
Let q(x) = -200*x**2 - 1029*x - 124. Give q(-5).
21
Let k(f) = -627*f - 13374. What is k(-21)?
-207
Let z(r) = -r**3 - 22*r**2 + 103*r + 277. Determine z(-28).
2097
Let n(l) = l**3 + 245*l**2 - 391*l + 25490. Calculate n(-247).
49
Let l(x) = x**3 - 28*x**2 - 3889*x - 362. Determine l(78).
496
Let p(n) = 16*n**2 + 3418*n - 32063. What is p(9)?
-5
Let n(s) = 5*s**3 - 92*s**2 + 17*s - 13. Give n(19).
1393
Let h(m) = 41*m**2 - 1541*m + 7. Give h(38).
653
Let w(m) = m**3 + 72*m**2 + 103*m + 24602. Give w(-75).
2
Let n(v) = -89*v**3 - 422*v**2 + 101*v - 75. Calculate n(-5).
-5
Let q(d) = -15*d**3 + 179*d**2 + 43*d + 27. Give q(12).
399
Let v(f) = f**3 + 34*f**2 + 355*f + 1136. What is v(-10)?
-14
Let a(d) = 14*d**2 + 4052*d + 25467. Calculate a(-283).
-3
Let o(j) = 1116*j**2 + 1331387*j - 1189. Calculate o(-1193).
4
Let o(q) = -294*q**2 - 698556*q - 28521. Give o(-2376).
-9
Let s(r) = 3*r**3 + 53*r**2 - 3*r - 191. Calculate s(-19).
-1578
Let z(y) = -180171*y + 5405128. Determine z(30).
-2
Let l(x) = -39*x**3 - 8150*x**2 + 214*x + 1059. Give l(-209).
14
Let v(h) = h**2 + 261*h + 3417. Determine v(-15).
-273
Let p(s) = -1908*s - 1907. What is p(-1)?
1
Let a(i) = i**3 + 106*i**2 - 221*i - 369. Calculate a(-108).
171
Let u(w) = -3*w**3 + 7*w**2 - 28*w + 256. Determine u(6).
-308
Let x(m) = m**3 + 60*m**2 + 558*m + 250. What is x(-49)?
-681
Let c(o) = 60633*o + 545795. Give c(-9).
98
Let o(i) = 15777*i + 378640. Determine o(-24).
-8
Let a(x) = x**2 + 27394*x + 547474. Calculate a(-20).
-6
Let s(o) = 93384*o + 747076. Calculate s(-8).
4
Let a(j) = 1080680*j + 7564763. Determine a(-7).
3
Let j(o) = -1147*o + 450789. Give j(393).
18
Let k(s) = 7314*s - 643750. What is k(88)?
-118
Let p(h) = -h**2 + 289*h + 376649. Give p(775).
-1
Let a(j) = 17*j**2 + 707*j + 2572. Determine a(-4).
16
Let o(n) = 23629*n + 661535. Calculate o(-28).
-77
Let j(d) = -3*d**3 + 111*d**2 - 229*d + 94. Give j(34).
2712
Let u(y) = -3668*y**2 + 36665*y + 54. Determine u(10).
-96
Let g(p) = -1145*p + 6149. Calculate g(5).
424
Let y(d) = 2*d**2 - 663*d + 5897. What is y(9)?
92
Let s(q) = 2554*q**3 + 41*q**2 - 24*q - 26. What is s(-1)?
-2515
Let b(h) = 207*h + 11354. What is b(-55)?
-31
Let c(s) = 508*s**3 + 4*s**2 - 10*s + 8. What is c(1)?
510
Let s(o) = 2*o**2 + 633*o + 7054. Determine s(-305).
39
Let o(n) = 2542*n - 10904. Determine o(4).
-736
Let j(l) = -l**3 + 20*l**2 - 719*l + 14397. Give j(20).
17
Let g(d) = -5*d**2 - 483*d + 2473. Calculate g(5).
-67
Let m(z) = 6699*z - 53096. Determine m(8).
496
Let a(m) = -20*m**2 - 1795*m + 2279. Determine a(-91).
4
Let w(s) = 11*s**2 + 416*s - 170. What is w(-40)?
790
Let w(a) = a**2 - 380217*a + 6463399. Calculate w(17).
-1
Let f(z) = -11*z**3 - 55*z**2 - 17259*z - 86286. Determine f(-5).
9
Let m(c) = c**3 + 29*c**2 + 10*c + 36. Determine m(-29).
-254
Let y(b) = 60116*b - 961863. Determine y(16).
-7
Let a(c) = 27*c**2 - 35*c - 75. Calculate a(7).
1003
Let q(z) = -5294*z - 53309. Give q(-10).
-369
Let x(w) = -w**3 + 157*w**2 - 389*w + 12268. Calculate x(155).
23
Let m(j) = j**2 + 208*j + 9676. Give m(-85).
-779
Let r(p) = 14*p**2 + 179*p + 299. Determine r(-2).
-3
Let i(z) = -17*z**2 - 1879*z + 92. Determine i(-112).
-2708
Let q(i) = 1004*i - 165728. Determine q(165).
-68
Let p(d) = d**3 + 17*d**2 + 648*d + 14333. Determine p(-20).
173
Let g(u) = -23*u**2 - 1592*u + 7919. Determine g(5).
-616
Let h(q) = -201*q + 6040. Determine h(27).
613
Let a(q) = -4*q**2 + 1015*q - 8689. Give a(245).
-114
Let q(r) = -r**2 - 116*r + 8423. What is q(-166)?
123
Let v(r) = -783*r - 109708. Give v(-140).
-88
Let b(m) = 535900*m - 1071808. Give b(2).
-8
Let m(c) = -221*c**2 - 22323*c - 208. Give m(-101).
-6
Let s(i) = -1610*i**3 - 3*i**2 - 4*i + 6. Give s(1).
-1611
Let j(x) = 728*x - 5629. What is j(6)?
-1261
Let v(d) = -d**3 - 31*d**2 - 900*d - 2458. What is v(-3)?
-10
Let h(f) = 281*f + 7829. Determine h(-28).
-39
Let w(i) = -8985*i - 62942. What is w(-7)?
-47
Let z(a) = -a**3 + 42*a**2 - 20*a + 260. Give z(42).
-580
Let w(o) = 68848*o - 619635. What is w(9)?
-3
Let p(o) = o**2 - 343*o + 3345. What is p(10)?
15
Let c(p) = -5*p**3 - 22*p**2 - 1868*p - 7494. What is c(-4)?
-54
Let z(p) = p**2 - 43*p + 1168. Calculate z(51).
1576
Let g(d) = -d**3 - 53*d**2 - 1058*d - 18550. Determine g(-38).
-6
Let i(z) = -26*z**2 + 128*z + 139. What is i(6)?
-29
Let o(l) = 419*l - 2136. Calculate o(4).
-460
Let p(j) = -1190*j + 4777. Calculate p(4).
17
Let h(m) = 14*m**3 + 97*m**2 + 2037*m + 14303. What is h(-7)?
-5
Let f(l) = -26781*l + 34413576. Calculate f(1285).
-9
Let b(r) = 96*r + 28312. Calculate b(-326).
-2984
Let c(k) = -k**3 + 6*k**2 + 2395*k - 19017. Calculate c(8).
15
Let r(l) = -19*l**2 - 3293*l - 34834. Give r(-162).
-4
Let y(g) = 5*g**2 + 267*g + 620. Give y(-50).
-230
Let q(m) = -61*m**2 - 449*m - 368. Calculate q(-7).
-214
Let w(j) = -10*j*